8 - 18). Let b(v) be the second derivative of -3*v - 7/2*v**2 + 1/6*v**3 + x. Calculate b(6).
-1
Let r = -22 + 27. Let q(h) be the first derivative of 2*h**2 - 5*h + 137. Determine q(r).
15
Let d be -57*(40/12)/(-5). Let l be (((-4)/(-3))/(-2))/(d/171). Let q(m) = -m**2 - m + 2. Calculate q(l).
-4
Let a(c) = c**2 - 9*c + 17. Let d = 3658 + -3650. Determine a(d).
9
Let n = -432 + 294. Let w = 131 + n. Let d(m) = -24 + 5*m - m**3 + 3*m**2 + 14 - 9*m**2. What is d(w)?
4
Let a(w) = w**2 + 53*w - 5. Let x be a(-53). Let q(v) = -16*v - 50. Let n(t) = -5*t - 16. Let p(u) = 10*n(u) - 3*q(u). Calculate p(x).
0
Suppose 180*p = 544*p + 1456. Let g(b) = -6*b**3 + 12*b**2 + 6*b - 5. Let w(j) = -5*j**3 + 11*j**2 + 6*j - 4. Let x(y) = 6*g(y) - 7*w(y). Calculate x(p).
6
Let i(l) be the third derivative of l**6/60 - 2*l**5/15 - l**4/24 - l**3/6 - 1635*l**2. Give i(4).
-5
Let w(s) be the first derivative of -1/30*s**5 - 1/360*s**6 + 0*s + 0*s**2 + 26/3*s**3 - 28 + 0*s**4. Let r(f) be the third derivative of w(f). Calculate r(-4).
0
Let b(k) = k - 2. Let s be b(-7). Let m(w) = w**3 - 1176*w + 2345*w + 8*w**2 - 1181*w - 7. Determine m(s).
20
Let v(i) = 7*i**3 - 2*i + 3. Suppose 5*t - 4*u = 9, -7*u = -t - 8*u. Calculate v(t).
8
Let g(w) be the second derivative of w**5/20 - 3*w**4/4 + w**3/2 - 49*w**2/2 - 5*w + 120. What is g(9)?
-22
Let z(t) = -10*t - 28. Let b be z(-16). Suppose b*r + 6 = 138*r. Let a(v) = 3*v**3 + v**2 + v. Let u(c) = c**3 - c**2. Let d(i) = a(i) + 2*u(i). What is d(r)?
5
Suppose 3*j = 2*q + 31, -q - 2*j + 2 = -0*j. Let i(v) = -8*v**2 - 80427*v + 5*v**3 + 80427*v + 5 - 6*v**3. Determine i(q).
5
Let u(m) = m - 23. Let x be (-12)/(-162) + 1059/(-81). What is u(x)?
-36
Let w(l) = 5*l**2 - 6*l + 3. Let t be w(3). Suppose y - 65 = -4*y - 5*v, -2*y + t = 3*v. Let o(f) = f - 12. Give o(y).
-3
Let o(s) = -s**2 + 3*s - 23. Let x = -32753 + 32767. Give o(x).
-177
Let z(k) = 2*k**2 - 2*k - 1. Let a = 1195 - 1193. Determine z(a).
3
Let m(p) = -1145*p**3 + 1 + 1144*p**3 + 2*p + 0*p**2 + 0*p**2 - 6*p**2. What is m(-4)?
-39
Let q(w) = w**2 - 3*w - 34. Let s(b) = 9*b**2 - 31*b - 358. Let o(g) = -21*q(g) + 2*s(g). Suppose 2 = -6*t + 3*t + l, 20 = -5*t + 5*l. Calculate o(t).
-4
Let k(n) = -n**2 + 109*n + 4871. Let w be k(-34). Let x(m) be the second derivative of 2/3*m**3 - 1/20*m**5 - 1/3*m**4 + 3/2*m**2 + 0 + w*m. Calculate x(-5).
8
Let p = -24698 - -24705. Let q(h) = h**3 - 6*h**2 + 4*h - 57. Calculate q(p).
20
Suppose 0 = -7*v + 10 - 66. Let k(h) = -1. Let i(d) = d**3 + 9*d**2 + 8*d + 6. Let j(p) = i(p) + 2*k(p). Determine j(v).
4
Let x(q) = -27*q**2 + 9*q + 85 - 40*q**2 + q + 66*q**2. What is x(14)?
29
Let x(f) = 121*f - 35 - 11*f**2 - 256*f + 117*f + 9*f**2. Determine x(-7).
-7
Let f(m) = 5*m**2 + 2*m - 17. Suppose -8 = 19*u + 68. Let p(l) = 9*l**2 + 4*l - 33. Let h(o) = u*p(o) + 7*f(o). Determine h(-6).
-11
Let d(v) = 4*v**3 + 11*v**2 - 12*v + 4. Let r(m) = -m**3 - m**2 + 2*m - 1. Let x(o) = d(o) + 5*r(o). Let c = -275 - -281. Calculate x(c).
-13
Let s(p) = -2*p + 2 + 6*p - p - p**3. Let n(k) = 278*k - 1596. Let q(o) = -93*o + 532. Let r(j) = -4*n(j) - 11*q(j). Let u be r(6). Calculate s(u).
4
Let y(c) = c**3 - c + 59. Suppose 2*f = -5*u + 25, 235*f - 234*f + 5 = u. Determine y(f).
59
Let x(k) = 6*k - 6. Let c(y) = -2*y**3 + 20*y**2 - 9*y + 76. Let v be c(10). Calculate x(v).
-90
Let a(v) = -5*v**2 - 2*v + 3. Let h(n) = 4*n**2 + n - 4. Let o(s) = 3*a(s) + 4*h(s). Let b(g) = 111*g**2 - 677*g + 66. Let t be b(6). What is o(t)?
-7
Let r(h) = 1 + 7 - h**2 - h - 6. Let f(q) = q**3 + 4*q**2 - 7*q - 7. Let v be f(5). Let x = v - 187. Determine r(x).
-10
Let l(t) = -3*t**3 + t + 6. Let c(y) = -13*y**3 - y**2 - 6*y - 35. Let o(s) = -c(s) - 6*l(s). What is o(1)?
31
Let y(d) = 2*d**3 + 2*d**2 - 8. Suppose 5*i = i + 23*i + 8*i. What is y(i)?
-8
Suppose 15 = 5*d, 0 = -2*j - d - 9 + 2. Let q(w) = w**3 + 2*w**2 - 13*w - 7. Calculate q(j).
-17
Let o(z) be the second derivative of -2*z**3/3 - 3*z**2 - 326*z + 3. Determine o(-17).
62
Let f be 12*(-10 + 4 + 27). Let i = f - 251. Let k(w) = -13*w - 3. Let d(a) = -12*a - 2. Let s(l) = -3*d(l) + 2*k(l). Calculate s(i).
10
Let j = -2267 + 2263. Let g(r) be the second derivative of -r**5/10 - 2*r**4/3 - 2*r**3/3 - 3*r**2 + 41*r. Calculate g(j).
10
Let s be 10 + (-4)/4*(2 - 1). Let y(a) be the first derivative of a**4/4 - 10*a**3/3 + 4*a**2 + 8*a - 934. What is y(s)?
-1
Let a(u) = 3*u + 193. Let i(p) = -p + 16. Let d(n) = a(n) - 2*i(n). Give d(-33).
-4
Let v = 22 + -21. Let t(z) be the third derivative of -z**7/1680 - 11*z**5/20 + 6*z**2. Let o(n) be the third derivative of t(n). Determine o(v).
-3
Let g(u) = 2*u**2 - 14*u + 33. Let t = 11735 - 11730. Give g(t).
13
Let n(b) = b**3 + 7*b**2 + 8*b - 2. Suppose 0 = -84*h + 86*h + 162. Let f = -87 - h. What is n(f)?
-14
Let q(u) = 7*u**3 + 4*u**2 - 14*u + 20. Let y(r) = -60*r**3 - 31*r**2 + 113*r - 157. Let z(j) = 17*q(j) + 2*y(j). What is z(4)?
10
Let l(j) = 2*j**2 + 4*j + 5. Let n = 111 - 111. Let g be 15/(-4) + n + 10/(-40). Determine l(g).
21
Let r be (-3)/9 - 68/12. Let m be (-4)/r*((-212)/(-8) - 4). Suppose -3*p - 4 = -b, -4*p = 2*b + 7 + m. Let q(w) = w**3 + 6*w**2 + 5*w + 2. Give q(b).
2
Let s(z) = -5*z + z + 3*z**2 + 2879 - 2876. Let d = -3 - -18. Let r be 10/8 - d/(-20). What is s(r)?
7
Let w(k) be the third derivative of -k**5/60 - k**4/24 + k**3 - k**2. Suppose 0 = u - 10*u - 4*u. Let i be u/(((-6)/(8/(-4)))/(-3)). Determine w(i).
6
Let h(f) = 4*f**2 + 5*f. Let a = -1 - 4. Let l(u) = 3*u**2 + 6*u + 1. Let i(p) = a*l(p) + 4*h(p). Let z be i(11). Let w(m) = 2*m - 7. Calculate w(z).
5
Let v = 11645 + -11655. Let f(x) = -29*x**2 - 290*x - 8. What is f(v)?
-8
Let y(o) = o**2 - 4*o + o - 7 - 2*o. Let t be 12 + -3 + -10 - -8. What is y(t)?
7
Let p(y) be the first derivative of -1/3*y**3 - 3 + 4*y - 5/2*y**2. Let z = -490 + 483. What is p(z)?
-10
Let b(i) = -i - 7. Let o(s) = s**2 - 5*s + 6. Let t be o(5). Suppose 8 = 2*n, n - 8 = g + t. Let l be b(g). Let k(z) = z**2 - 3*z + 1. What is k(l)?
1
Let b be 1*(-4 + 3) - -4. Suppose -5*y - d + 15 = -5, 0 = -b*d + 15. Let o(n) = n**3 - 3*n**2 + 2*n - 4. What is o(y)?
2
Let n(x) = -x - 5. Suppose 13*t - 34*t + 189 = 0. Let u be 6/(-18)*t - (0 + -6). What is n(u)?
-8
Suppose 3*v - 4*v - 3*r + 4 = 0, -16 = 4*r. Suppose 2*q - 2 + 4 = -4*i, -2*q = -5*i - v. Let u be 4*1 + 7 + i. Let z(w) = -w + 10. Calculate z(u).
1
Suppose 0 = 229*l + 280*l - 1018. Let t(g) = g**3 - 5*g**2 + 7*g - 2. Calculate t(l).
0
Let p(k) = 19*k**2 - 9*k**2 + 154*k**3 - 149*k**3 - 2 - 7*k**2. What is p(-2)?
-30
Let q(h) be the third derivative of h**5/10 - 25*h**4/12 + 5*h**3/3 - 601*h**2 - 2. What is q(8)?
-6
Suppose 5*s + 16 - 121 = 0. Suppose -s*i - 39 = -8*i. Let b(t) = -t**3 - 4*t**2 + t + 2. Determine b(i).
-10
Let f be (-2)/(-4) + 20*(-2)/(-16). Let b(o) = 0*o**2 + f - 13 - 2*o**2 + 2*o + 7 + 6. Calculate b(4).
-21
Let p be 6/(5 + (4 - 7)). Let w(i) = -2 - 4*i**3 - 13*i**3 + p + i**3 + 4*i**3. Give w(1).
-11
Let a(r) = r**3 + r**2 + r - 64. Suppose 11*o - 58*o = -16*o. What is a(o)?
-64
Suppose 0 = 3*g - g - 24. Let k(b) be the second derivative of -b**5/20 + b**4 + b**3/6 - 17*b**2/2 - 8084*b. Calculate k(g).
-5
Let h(u) = 2*u + 58. Let k(p) = -13*p**3 + 35*p**2 + 8*p - 1. Let c be k(3). What is h(c)?
32
Suppose 0*k = -4*b - 4*k, 4*k = -5*b + 3. Let y(z) = b + 1 + 6*z - 7*z + 7. Calculate y(6).
5
Let a(g) = g + 3. Let v be a(0). Let d(c) = 311*c**2 - 2*c + 2. Let j be d(1). Let u(l) = -j + 310 - 2*l + v*l. Calculate u(3).
2
Let r be 0*(6/((-168)/217) - -8). Let m(h) be the first derivative of 1/4*h**4 - 15 + 0*h**3 - 7*h + r*h**2. Determine m(0).
-7
Let h(g) = -g**2 - 20*g - 13. Let x be ((-2337)/(-205))/(9/(-15)). What is h(x)?
6
Suppose 0*b + 7 = 3*w - 5*b, 3*w - 1 = 2*b. Let s(q) be the second derivative of 7*q**4/12 - q**3/6 - q**2/2 - 4*q - 202. Calculate s(w).
7
Let j(x) = 2*x**2 + 26*x + 48. Let b be j(-11). Let m(p) = -b - 10*p + 4*p**2 - 5 + 169*p**3 - 168*p**3. Determine m(-6).
-21
Let o(q) = 5 - 4 + 77*q - 62*q - 2. Let b(n) = 13*n - 1. Let p(v) = 4*b(v) - 3*o(v). Give p(1).
6
Let x(i) = -2*i**3 - i**3 + 14 + 21 + i - 35. Suppose -2*c + 5*c = 21. Suppose -5 = -5*b, -7*v + 2*b = -2*v + c. Give x(v).
2
Let m(w) = w**3 + 4*w**2 - w - 5. Let z be 2